 - 126. Calculate the greatest common factor of 364 and w.
13
Suppose h + 36 = -2*u + u, -4*u - 123 = -3*h. Let y = 68 + u. What is the greatest common factor of 5 and y?
5
Let m(p) = p**3 + 5*p**2 + p - 2. Let f be m(-4). Let x be f + (-3 - -6) - 0. What is the highest common divisor of 143 and x?
13
Let c(i) = -28*i + 17. Let b(l) = -9*l + 6. Let w(o) = 11*b(o) - 4*c(o). Let r be w(1). Calculate the highest common factor of 55 and r.
11
Let y(p) = p + 3. Let h be y(-3). Suppose -4*g + 48 = -h*g. What is the highest common divisor of g and 12?
12
Suppose 3*x - l = 52, 98 = 5*x - 2*l + 10. What is the highest common factor of x and 16?
16
Let p(g) = -g**2 + 3*g + 5. Let m be p(4). Let q = m - -4. Let d(r) = -37*r + 3. Let f be d(-1). Calculate the highest common factor of f and q.
5
Let k = 4 - 1. Suppose -105 = -0*y - k*y. What is the greatest common factor of y and 5?
5
Let z be (-3)/6 + (-45)/(-6). Suppose 2*m + 120 = z*m. Suppose 0 = 2*n - 9 - 39. Calculate the greatest common factor of n and m.
24
Let s = 26 + -12. Let c = s + -6. Calculate the greatest common divisor of c and 32.
8
Let k = 1 + 3. Suppose 5*q = q + 20. Suppose -q*p - k*h = -3*h - 88, -5*p = -2*h - 94. What is the greatest common divisor of p and 12?
6
Suppose 3*i + 77 = 5*c, 0*c + 11 = c - 5*i. Let o be 2 + -2 - -1*32. Calculate the greatest common divisor of c and o.
16
Suppose -2*d + 62 = -4*t, -5*d + 0*t = t - 177. Calculate the greatest common divisor of d and 5.
5
Let i be (-2)/(-5) + (-4)/10. Suppose -4*k + 3*k + 13 = i. Calculate the greatest common factor of 39 and k.
13
Suppose 3*w + 16 = 7*w. Let x be (-1 - 3)/(w/(-6)). Calculate the greatest common divisor of x and 6.
6
Let f = -338 + 537. Suppose -4*g + f = -5*p + 14, 3*g + p = 115. Calculate the highest common divisor of 5 and g.
5
Let a = 10 + -2. Let r be (-6)/(-4) - 2/(-4). What is the highest common divisor of a and r?
2
Let d = -89 + 209. Calculate the greatest common divisor of 30 and d.
30
Let l be 57*-1*(-56)/42. Suppose -5*c + i = -100, 3*c - l - 6 = 5*i. Calculate the greatest common factor of 76 and c.
19
Suppose 4*q - 5 = 39. Let m(j) = j**3 + 8*j**2 + j + 4. Let y be m(-6). Let f = y - 48. Calculate the highest common divisor of q and f.
11
Let i be 15/1 - (-1)/(-4)*12. What is the highest common factor of i and 96?
12
Let s be (9/(-3) - 0)*1. Let n = s + 3. Let u be (-7 + -1)*(-1 - n). What is the highest common divisor of u and 40?
8
Suppose 3*b = 3, 2*v + 34 = 5*v + b. Suppose 7*q = 3*q + 4. Calculate the highest common divisor of q and v.
1
Suppose 0 = -5*c - 5*j + 3*j - 33, 0 = 2*c + j + 14. Let w = c - -20. What is the greatest common factor of 6 and w?
3
Let i = 85 + -52. What is the greatest common factor of 11 and i?
11
Let j be (-208)/(-1) + (-4 - -8) + -4. What is the greatest common factor of 26 and j?
26
Let b = -239 + 371. What is the greatest common factor of b and 12?
12
Suppose 2*m - 208 = -6*m. What is the greatest common divisor of m and 234?
26
Let o = -37 - -61. Let f = -5 - -7. Let l = f - -1. What is the highest common factor of o and l?
3
Let q = 103 + -73. What is the greatest common divisor of 12 and q?
6
Let j(h) = -h + 9. Let y be j(5). Suppose 0 = -y*q + 26 + 6. What is the highest common factor of 72 and q?
8
Suppose 10 = 2*t, 0 = -5*z - t + 2*t + 70. Suppose -v = 0, 2*v + 675 = 3*m - 0*v. Suppose -3*q + m = 2*q. Calculate the highest common divisor of z and q.
15
Suppose -2*z = -3*z + 12. What is the greatest common factor of 12 and z?
12
Suppose 3*x + x - 12 = 0. Let k be 1*3/x*-9. Let n(y) = -y**2 - 12*y - 5. Let l be n(k). What is the highest common factor of l and 2?
2
Suppose -3 = 3*l - 4*l. Suppose -2*v + 2 = l*t - 73, t + v = 24. Let z = -93 - -147. Calculate the greatest common factor of t and z.
27
Suppose 2*s = -0*s + 16. Let m be (-772)/(-16) - 2/s. Calculate the greatest common factor of 6 and m.
6
Let c(a) = 3*a**2 - 1 - 4*a + 2 + 1. Let t be c(2). Let l be 3*t - 0/1. Calculate the greatest common divisor of 6 and l.
6
Let h(j) = -j - 2. Let f be h(3). Let n = 26 + f. What is the greatest common divisor of 14 and n?
7
Let g = 45 - 42. Calculate the greatest common divisor of 15 and g.
3
Suppose 4*w + 177 = 717. What is the greatest common divisor of w and 27?
27
Let l(k) = 2*k**2 - 7*k - 3. Let g be l(7). Suppose 3*n - 14 - g = 0. Calculate the highest common divisor of 80 and n.
20
Let x = -9 + 14. Suppose 0 = -4*p + 7 + x. What is the greatest common divisor of 6 and p?
3
Suppose c - 40 = -4*c. Let s be 3615/90 + 2/(-12). What is the greatest common divisor of s and c?
8
Let l(r) = -2*r**2 - 2*r + 2. Let q be l(2). Let a be 146/4 - (-5)/q. What is the highest common divisor of a and 54?
18
Let i be (-2)/(5 + -3) + 0. Let s be 2*i/(-3)*3. Suppose j - 3*o + 5 = 27, -84 = -5*j + s*o. What is the highest common divisor of j and 80?
16
Suppose -2*f - 4*i + i = 90, -4*i = -2*f - 104. Let n be 66/((-4)/(f/9)). Calculate the highest common factor of 11 and n.
11
Let j = -3 + 11. What is the greatest common factor of 2 and j?
2
Let z(l) = l**2 + 4*l + 9. Let n be z(-5). Calculate the highest common factor of n and 182.
14
Let q = -1 + 5. Let u = 1 - -3. Calculate the greatest common factor of q and u.
4
Let b(x) be the first derivative of x**3/3 + 9*x**2/2 - 11*x - 9. Let j be b(-11). Calculate the highest common factor of 44 and j.
11
Let q(l) = -14*l**3 + l**2 - l - 1. Suppose -2*u - 9 = 3*b, b + u + 13 = -3*u. Let d be q(b). What is the highest common divisor of d and 3?
3
Suppose -2*v + 7*v = 20. Let d be (v/(-10))/(2/(-20)). What is the greatest common factor of 12 and d?
4
Suppose 2*y - 3 = y. Let v be 1 + -2 + 0 + y. Suppose -a = 1 - v. What is the greatest common factor of a and 9?
1
Let t = -66 - -104. Let z be 92 + (-2)/(6/3)*-3. What is the greatest common factor of z and t?
19
Let z(w) = 5*w - 4*w**2 - 3 - 7*w + 13*w**2 - w**3. Let b be z(7). What is the greatest common factor of b and 9?
9
Let z(o) = 59*o + 1. Let v(j) = j**3 - 10*j**2 - 10*j - 10. Let q be v(11). Let k be z(q). What is the greatest common factor of k and 15?
15
Suppose 0 = 11*m - 5*m - 48. Calculate the greatest common factor of m and 20.
4
Let o be (-118)/(-4) + (-4)/8. Suppose 3*b - o - 10 = 0. What is the highest common divisor of 26 and b?
13
Suppose -c + 0 = 4. Let d = c - 2. Let j be (-1*13)/(d + 5). What is the greatest common factor of j and 52?
13
Let z(v) = 12*v**3 + 2*v**2 - 1. Let f be z(1). Calculate the greatest common divisor of 13 and f.
13
Let b(z) = z**2 + 2*z - 5. Let o be b(-5). What is the highest common divisor of o and 40?
10
Let l(m) = 2*m + 7. Let c be l(7). Calculate the greatest common factor of c and 147.
21
Let x be (-2)/3 + (-564)/(-36). What is the highest common divisor of x and 10?
5
Let b(o) = -10*o - 3. Let q be b(-3). Let c(v) = 19*v + 3. Let z be c(3). Suppose -5*d + 30 = -z. What is the highest common divisor of d and q?
9
Suppose 2*z = -z + 3. What is the highest common divisor of 4 and z?
1
Suppose n + 7 = -28. Let g = n - -50. What is the greatest common divisor of g and 75?
15
Let s be 3*(-6)/9*-2. Suppose -5*h = -9*h + s. Calculate the greatest common divisor of 1 and h.
1
Suppose -2*i + 4*i + 5*t = 29, t = 5. What is the greatest common divisor of i and 3?
1
Suppose 6*x = -0*x + 30. Let k be -1 + (-2 - -23*1). Calculate the greatest common divisor of k and x.
5
Let p(g) = 2*g + 27. Let t be p(-8). Let k = -8 - -6. Let r(l) = -13*l**3 - l**2 - 1. Let o be r(k). What is the highest common factor of o and t?
11
Let d be (64/(-6))/(1/3). Let v = 161 + -102. Let g = v + d. What is the greatest common factor of 9 and g?
9
Let g(u) = 1. Let a(k) = -7*k + 2. Let f(t) = a(t) - 2*g(t). Suppose 2*n - 2 + 4 = 0. Let z be f(n). What is the greatest common factor of z and 1?
1
Suppose -5*a - 97 = 33. Let z = a - -51. Calculate the highest common divisor of 25 and z.
25
Let p(h) = -2*h + 11. Suppose 2*w = -f - 21, 0*w - 3*w - 3*f = 39. Let j be p(w). Calculate the greatest common factor of j and 9.
9
Let j = -10 + 16. Let t be 24 + 0/(3 - j). What is the highest common divisor of t and 96?
24
Let j = -9 - -1. Let s = -6 - j. Calculate the greatest common divisor of s and 6.
2
Let k(q) be the second derivative of q**3/2 - q**2/2 - 2*q. Let v be k(